 15. What is the remainder when q(18) is divided by n?
21
Suppose -6*c - 717 = -9*c - 0. Calculate the remainder when c is divided by 10.
9
Suppose 5*k - 54 = 3*t, -5*k - 4*t + 64 = -2*t. Calculate the remainder when (-15 - -2)*(-19 + k) is divided by 25.
16
Let c be ((-6)/(-21))/(4/112). Let f be -4*(4/c)/1. What is the remainder when ((-45)/f)/(27/36) is divided by 8?
6
Suppose 3*l = 5*a - 9 - 0, -2*l + 4*a - 8 = 0. What is the remainder when (40/70)/(l/301) is divided by 29?
28
Let v be 3 + 1 + -2 - 9 - -3. What is the remainder when ((-242)/(-88))/((-1)/v) is divided by 7?
4
Let h be ((-1 - 1) + -35)*-3. Let l(p) = p**2 - 7*p - 78. Let t be l(13). Suppose t = -6*y + 9*y - h. What is the remainder when y is divided by 20?
17
Let y = 125 + -84. Suppose -683*l = -687*l + 544. Suppose 0 = 10*s - 14 - l. Calculate the remainder when y is divided by s.
11
Let i = -52 + 27. Let k = i - -44. Let p = -39 - -74. Calculate the remainder when p is divided by k.
16
Let u = 30337 - 29890. Calculate the remainder when u is divided by 57.
48
Let p(l) = -11*l**2 - 20*l - 174. Let o be p(-7). Calculate the remainder when (2 + o/6)*-2 + -3 is divided by 49 - (-2 + (3 - 0)).
40
Let p be (4*(-6)/(-48))/((-2)/(-16)). Suppose 0*v + v - p*n - 46 = 0, 5*n + 155 = 5*v. Calculate the remainder when v is divided by 10*(3 - 1 - 1).
6
Let m(k) = 61*k - 468. What is the remainder when 2499 is divided by m(8)?
19
Let y = -187 - -270. Let g = y + 195. Calculate the remainder when g is divided by 71.
65
Let t = 809 - 540. Calculate the remainder when t is divided by 4 - 5 - -9 - -2.
9
Let p(o) = 5*o**2 + 109*o - 130. What is the remainder when 159 is divided by p(-23)?
7
Calculate the remainder when 1320 is divided by (-39)/(1326/(-34))*-259*(-1)/1.
25
Suppose 109*s - 82538 - 124586 = 3*s. Calculate the remainder when s is divided by 56.
50
Let n = -17 - -941. Calculate the remainder when n/24 - (-1)/(-4)*2 is divided by 13.
12
Let h be 5/(-15) + 11/(-3). Let f be (-40)/(-20) + 3/(6/h). Calculate the remainder when 81 is divided by (0 - -6)*(0 + 2 + f).
9
Suppose 5*s = -3*y + 360, 97*y - 93*y = 5*s + 410. Calculate the remainder when 216 is divided by y.
106
Suppose 26*d - 50 + 0 = d. Calculate the remainder when 41 is divided by d.
1
Let f = -125 + 142. Let m = f + -1. Calculate the remainder when 142 is divided by m.
14
What is the remainder when 119 is divided by ((-3)/12)/(1/4)*-14?
7
Suppose -9353 = -14*j - 197. Calculate the remainder when j is divided by 9.
6
Let s = -44694 + 44704. Let h = -4 - -7. Suppose h*a - 40 = -2*a. Calculate the remainder when s is divided by a.
2
Let x = 69 + -70. Calculate the remainder when 18 is divided by 0/x + (2 - -4).
0
Let b(u) = 6*u**3 - 22*u**2 + 51*u + 15. Calculate the remainder when 1432 is divided by b(5).
22
Let x = 54 - -29. Let a(h) = h**3 - 24*h**2 - 297*h + 25. What is the remainder when x is divided by a(33)?
8
Suppose -99*j + 96*j = 270. What is the remainder when (-30)/j - 838/12*-2 is divided by 16?
12
Let l = -161 - -103. What is the remainder when 17 is divided by l/(-6) + 44/(-66)?
8
Suppose 0 = 26*j - 6*j + 167*j - 2217072. What is the remainder when j is divided by 177?
174
Let a = -6991 + 7027. Suppose 4*f - 287 = -3. Calculate the remainder when f is divided by a.
35
Let h = 8884 - 7242. Calculate the remainder when h is divided by 233.
11
Let c be 1*-10*1*2. Let b(j) = 38*j - 623. Let u be b(17). Let m = u + c. Calculate the remainder when 11 is divided by m.
2
Suppose -1596 = -55*h + 769. What is the remainder when 607 is divided by h?
5
Let a(j) = -5*j**3 + j**2 + 2*j + 1. Let h be a(-1). Suppose 3*s - 9*x + 8*x = 258, 0 = -h*s + 5*x + 440. Calculate the remainder when s is divided by 18.
13
Let d(p) = 8*p + 264. Let u be d(13). Suppose 0 = -9*o - 8 + u. What is the remainder when o is divided by 21?
19
Let m = -3132 + 3161. What is the remainder when 1325 is divided by m?
20
Suppose 4*z + 50 = 14*z. Suppose 0 = -5*p - 4*w + 965, z*p + 189 = 3*w + 1119. Suppose -17*r - p = -20*r. Calculate the remainder when r is divided by 32.
31
Let k(w) = 40*w + 41. Let v be k(-1). Suppose -4*h - v = -p, 20 = -h + 5*h. What is the remainder when 38 is divided by p?
17
Let h(a) = -12*a**2 - 272*a + 19. What is the remainder when h(-4) is divided by 9?
6
Let v = -1034 - -1038. What is the remainder when (-228)/(-20) + 4/(-10) is divided by v?
3
Suppose 0 = -5*m + 3*p - 33, p = 2*m + m + 19. Suppose -4*n + 39 = -33. Let z = m + n. What is the remainder when 23 is divided by z?
11
Let h(g) = 11*g**2 + 8*g + 8. Suppose -4*i - 34 = -50, 5*o - 144 = 4*i. What is the remainder when h(-4) is divided by o?
24
Let y(o) = o**3 - 6*o**2 - 5*o - 10. Suppose 0 = 29*p - 31*p + 290. Let j = 150 - p. Calculate the remainder when j is divided by y(7).
1
Let f be ((-135)/36)/((-3)/(-16)). Let y(h) = -h**3 + 11*h**2 + 26*h + 13. Calculate the remainder when y(13) is divided by ((-8)/f)/((9/(-60))/(-3)).
5
Suppose -3*m + 108152*d + 494 = 108148*d, 512 = 4*m + 2*d. Calculate the remainder when m is divided by (-32)/(2/(0 - 4)).
10
Let c(u) = 21*u + 510. What is the remainder when c(-17) is divided by 79?
74
Suppose -8*f = -6*f - 74. Let u = -74 + 120. What is the remainder when u is divided by f?
9
Let y(c) = 133*c + 872. Calculate the remainder when 89 is divided by y(-6).
15
Suppose 0 = -4*q + 102 - 18. Suppose 0 = -19*f + 15*f + 3*z + 304, 284 = 4*f + 2*z. Suppose f + 27 = j. Calculate the remainder when j is divided by q.
16
Suppose -5*x - 3*j + 35 = -42, 0 = -4*x - 5*j + 46. What is the remainder when 5165 is divided by x?
16
Suppose -24025 = 33*d - 34882. Calculate the remainder when d is divided by 9.
5
Let a be (-5)/20 - (-1003)/(-4). Let m = a + 284. What is the remainder when m is divided by 20?
13
Let g = 114953 + -114932. Calculate the remainder when -5 + (-3 - -5) + 33 is divided by g.
9
Let w = 114 - 29. Suppose -w*u - 300 = -89*u. Suppose 5*o - u = 125. What is the remainder when o is divided by 22?
18
Suppose -4*v + 3*z = -48, 4*z - 30 + 1 = -5*v. Let d = 34384 + -34234. What is the remainder when d is divided by v?
6
Let i(g) be the second derivative of 31*g**4/12 - 2*g**3/3 - 2*g**2 - 29*g. Let q be i(-2). Let z = q - 119. What is the remainder when 38 is divided by z?
2
Suppose -68 = -5*z + i, z = 2*z + 2*i - 7. Let x = -215 - -218. Suppose 0 = 3*f + 3*w - x, -f = 5*w - 5 + 12. What is the remainder when z is divided by f?
1
Let m be (-2)/(-18) - (-2842)/261. Let h(r) = -2*r**2 + 22*r + 15. What is the remainder when (-2 - 0 - -1)*-44 is divided by h(m)?
14
Let p be 33/(-7) - (-2)/(-7). Let x(y) = 3*y**2 - 2*y - 1. Let d = 7933 - 7916. What is the remainder when x(p) is divided by d?
16
Suppose -153*t + 5471 = -955. Let b(g) = -44*g - 4. Let s be b(-4). Let m = s - t. Calculate the remainder when m is divided by 44.
42
Let i = -418 - -434. Calculate the remainder when 40 is divided by 36/i*4/3 - -36.
1
Let m = 295 - 291. Suppose -o = -3*a - 2*o + 17, -m*o = -5*a + 17. What is the remainder when a is divided by 2*1/4*10?
0
Let i(y) = -y**2 - 4*y + 30. Let z be i(0). Let o = z + -21. What is the remainder when 57 is divided by o?
3
Suppose -f = -16*f. Suppose -5*k + 305 = -f*k. Calculate the remainder when k is divided by 23.
15
Suppose -14*f + 63 + 91 = 0. Calculate the remainder when 83/4 - 11/(-44) is divided by f.
10
Let c(v) = 2*v**2 - 3*v + 8. Suppose -4*r = -a + 15 + 67, -2*r + 400 = 4*a. Calculate the remainder when a is divided by c(4).
14
Suppose z = -4*z + 5*m + 2120, 2*z = -2*m + 856. Suppose -16*u + z = -10*u. What is the remainder when u is divided by 7?
1
Let x(m) = 2*m**3 + 54*m**2 - 3*m - 32. Let z be x(-27). Let u = z + -17. Calculate the remainder when 85 is divided by u.
21
Let u = 1086 + -1075. Let v(m) = m**3 - 10*m**2 - 10*m + 7. Calculate the remainder when v(11) is divided by u.
7
Suppose -97 = -8*p + 159. Let n = p - -42. Let z(x) = -27*x**3 - 1. Calculate the remainder when n is divided by z(-1).
22
Let i(t) be the first derivative of -15*t**2/2 - 4*t - 20. Suppose 0 = 4*s - 5*s + 15. Calculate the remainder when i(-3) is divided by s.
11
Let u(s) = -16*s + 4*s - 47*s - 11*s + 17. Calculate the remainder when u(-1) is divided by 8.
7
Suppose -10*m = 605 - 865. Let t = 115 + -63. Calculate the re